
In base 2, what is -110 - 10110100101101100010?
-10110100101101101000
In base 15, what is -1d + 16718e?
167171
In base 13, what is 4c02 - 4578?
657
In base 13, what is 589c - -4ca2?
a871
In base 11, what is 28301 - 36?
28276
In base 10, what is 15895600 + 60?
15895660
In base 14, what is -4 + -bababcd?
-bababd3
In base 11, what is -5 + 3136818?
3136813
In base 13, what is -5 + 1144828?
1144823
In base 10, what is 297 - -230549?
230846
In base 6, what is -11252024 + 41?
-11251543
In base 8, what is -1 + 406533740?
406533737
In base 16, what is -4 + -4a6156c?
-4a61570
In base 2, what is -10 - -101011000000100111?
101011000000100101
In base 6, what is 32202 - 3210051?
-3133445
In base 12, what is -1941277 - -140?
-1941137
In base 4, what is -1313101 - 2202203?
-10121310
In base 11, what is -5a3 + 1154?
661
In base 5, what is -4100231 + 4144?
-4041032
In base 14, what is -45d0c011 + 4?
-45d0c00b
In base 7, what is -226 + 60545?
60316
In base 5, what is 4122031432 + -110?
4122031322
In base 6, what is 405400430 - 4?
405400422
In base 15, what is 954 - 8c57?
-8303
In base 8, what is -105646261 - 3?
-105646264
In base 3, what is -10 + 1021201200221202?
1021201200221122
In base 11, what is -64074 - -116?
-63a59
In base 3, what is 12110011212111220 - 0?
12110011212111220
In base 15, what is 0 - d65006?
-d65006
In base 13, what is 32c39685 + 3?
32c39688
In base 2, what is 1001101111 - 1010101101101000?
-1010100011111001
In base 16, what is 5 + -10a58827?
-10a58822
In base 14, what is 21497 + 2541?
239d8
In base 16, what is 27 - 586f8?
-586d1
In base 6, what is -4341330 + 213?
-4341113
In base 13, what is -4 - -32a856?
32a852
In base 15, what is 277 + 81a9?
8431
In base 9, what is -5 - -44870114?
44870108
In base 11, what is -352 - 17a29?
-18280
In base 14, what is -2 + bda18a?
bda188
In base 13, what is -174 + 10706?
10562
In base 3, what is -11010001121102200 - -112?
-11010001121102011
In base 9, what is 2 + 84656060?
84656062
In base 12, what is -108aa2 - 457?
-109339
In base 16, what is ab - fc92?
-fbe7
In base 3, what is 2 - 200011202220102?
-200011202220100
In base 15, what is -9 - 142634?
-14263d
In base 12, what is -45 + -a2460?
-a24a5
In base 16, what is 3 - 1b4d7fb?
-1b4d7f8
In base 16, what is -b + -cc2cb5?
-cc2cc0
In base 9, what is -13810525 - -133?
-13810382
In base 3, what is -11111221001201 - -200?
-11111221001001
In base 11, what is -6811 + -268?
-6a79
In base 4, what is -11 + 10000210013?
10000210002
In base 7, what is 15140 + -3562?
11245
In base 10, what is 29 - 1335639?
-1335610
In base 11, what is 873 + -34560?
-33798
In base 10, what is -884030 + 7?
-884023
In base 5, what is -122 + -4014114203?
-4014114330
In base 9, what is 1 - -511748335?
511748336
In base 3, what is -1 - -10222012122221022?
10222012122221021
In base 16, what is -adb605 + 0?
-adb605
In base 5, what is 1 + -1031111134023?
-1031111134022
In base 11, what is 1 + -1848a8a0a?
-1848a8a09
In base 6, what is -1411 - -142351?
140540
In base 9, what is 6011 - 3016?
2884
In base 8, what is -2560005 + -7?
-2560014
In base 9, what is 15 - 5681658?
-5681643
In base 12, what is -3 - -12aa767?
12aa764
In base 2, what is -101011100 - -11101010011?
10111110111
In base 11, what is 64353449 - 4?
64353445
In base 9, what is -2570138660 - -4?
-2570138655
In base 13, what is -76 + 2c905b?
2c8cb5
In base 2, what is -1000111000101110 + -101011111?
-1000111110001101
In base 16, what is -664 + -26e?
-8d2
In base 12, what is 6 + 152a39b?
152a3a5
In base 11, what is 59 + -3550a5?
-355047
In base 12, what is 82954 + -28?
82928
In base 4, what is 11302212111 - 1?
11302212110
In base 13, what is -95b10 + -4a?
-95b5a
In base 12, what is -23816 - -8556?
-17280
In base 11, what is 972 - 95378?
-94506
In base 11, what is -85 + -7a71?
-8046
In base 12, what is 183 - -4232aa?
423471
In base 2, what is -111110101111010111011 + 100?
-111110101111010110111
In base 6, what is 512 + -14332?
-13420
In base 4, what is 233102230102 - 122?
233102223320
In base 2, what is 11 - -101011011101111100001111000?
101011011101111100001111011
In base 6, what is 15 - 32523?
-32504
In base 13, what is 5 - -14174a2c?
14174a34
In base 13, what is -3a10c - -189?
-39c53
In base 16, what is 128024 - -7?
12802b
In base 11, what is 5 + -83346143?
-83346139
In base 7, what is -22143 + -44356?
-66532
In base 13, what is -153 + 105645?
1054c2
In base 14, what is 24 + -22c167b?
-22c1657
In base 11, what is 83 + 678780?
678853
In base 16, what is -fc5 + -15a9?
-256e
In base 16, what is 659 - -973?
fcc
In base 9, what is 173 - 257867?
-257684
In base 3, what is -1102012022121 - -1000?
-1102012021121
In base 8, what is -424 + 5103337?
5102713
In base 9, what is 17378 + 613?
18102
In base 6, what is -2323 - 251134?
-253501
In base 4, what is 23120213003 - -10?
23120213013
In base 16, what is -3d1c0 + 76d?
-3ca53
In base 7, what is 116266 + -23444?
62522
In base 5, what is 1310 - -102013323?
102020133
In base 10, what is 30913 - 12?
30901
In base 15, what is 5c266d - -5?
5c2673
In base 8, what is 14547 - -233273?
250042
In base 16, what is -1221b - 66?
-12281
In base 9, what is 2308654 - 10?
2308644
In base 9, what is -308161228 - -3?
-308161225
In base 12, what is -19a + -9713?
-98b1
In base 6, what is 222 + 331114?
331340
In base 14, what is 2776 - -d58?
36d0
In base 12, what is 4b606 + -178?
4b44a
In base 6, what is 102052 - -3221?
105313
In base 13, what is 18 + -666c4?
-666a9
In base 9, what is 1501186 - -60?
1501256
In base 15, what is 4 - -7ea0eb6?
7ea0eba
In base 13, what is -2 + -6293cc6?
-6293cc8
In base 3, what is 1010100 + -220210?
12120
In base 4, what is 210311 + 123233132?
130110103
In base 16, what is -2b - 55bdcf?
-55bdfa
In base 10, what is 13687 + 12936?
26623
In base 13, what is -3a347 + 33a?
-3a00a
In base 14, what is ca55b + 104?
ca661
In base 13, what is 24b3141 + 28?
24b3169
In base 15, what is -4ac1746 + 0?
-4ac1746
In base 8, what is -1346137 + 535?
-1345402
In base 13, what is -15b97 - 266?
-16130
In base 12, what is -1b5841 - -6?
-1b5837
In base 12, what is 18515701 - -1?
18515702
In base 5, what is -12414231103 - 4?
-12414231112
In base 9, what is 237356556 - 1?
237356555
In base 9, what is 3 - -11274740?
11274743
In base 2, what is 10000001010100111 - -10?
10000001010101001
In base 9, what is -1 + -12365538?
-12365540
In base 12, what is -242ba35 - -2?
-242ba33
In base 6, what is 0 + -3130142?
-3130142
In base 13, what is 22c21a76 + 4?
22c21a7a
In base 10, what is 5 - -1673049?
1673054
In base 16, what is 17b69c + 5?
17b6a1
In base 3, what is 10 + 102201021102000?
102201021102010
In base 6, what is -305 - 20401202?
-20401511
In base 13, what is -99812c5 + 4?
-99812c1
In base 5, what is 201203142011 - -3?
201203142014
In base 10, what is 25 - -11965826?
11965851
In base 4, what is 32033111313 - 11?
32033111302
In base 6, what is 100040 - 12221?
43415
In base 8, what is -4 - -11246661?
11246655
In base 10, what is 761 + 60368?
61129
In base 12, what is -44b5a + -3b73?
-48b11
In base 15, what is 6b5da + -10?
6b5ca
In base 15, what is 11 - 8dc2?
-8db1
In base 2, what is -11000111010101101 - 10110001?
-11000111101011110
In base 8, what is 2127133 + -6?
2127125
In base 14, what is 1 - 268d44?
-268d43
In base 13, what is 0 - 2412127b?
-2412127b
In base 11, what is 2 + 63115a21?
63115a23
In base 16, what is -1561bc + -d?
-1561c9
In base 2, what is 10000000010000110010 + 110000110?
10000000010110111000
In base 14, what is c13c51 - 8?
c13c47
In base 15, what is -c998ea - 17?
-c99912
In base 6, what is 3 + 312100203?
312100210
In base 14, what is -75d + -1c509?
-1cc68
In base 10, what is 5 + 138256583?
138256588
In base 13, what is 3 - 42c0cc83?
-42c0cc80
In base 16, what is 7efe46 + -9?
7efe3d
In base 14, what is 422a19 + -1?
422a18
In base 6, what is 4 + -54341001?
-54340553
In base 9, what is -255403 + -23?
-255426
In base 3, what is 1 - -120112212021022?
120112212021100
In base 13, what is -5969b2 - 7?
-5969b9
In base 13, what is c55029 + 57?
c55083
In base 6, what is 22404515 + 414?
22405333
In base 13, what is 1b781 - 83?
1b6cb
In base 11, what is -262910 + -a?
-26291a
In base 10, what is 2056328 - 3?
2056325
In base 7, what is -23 + 5544612?
5544556
In base 14, what is 8180 + 202?
8382
In base 14, what i